180 = 315. What is the highest common divisor of l and 11?
11
Let q(n) = 21*n**2. Let h be q(1). Suppose 0 = 3*s + 2*s - 50. Let l = -3 + s. What is the highest common factor of l and h?
7
Let j = -202 - -142. Let q = 86 + j. Suppose 182 = v - 52. What is the highest common factor of v and q?
26
Suppose -84 - 206 = -4*y + 2*c, 4*y - 5*c - 305 = 0. Calculate the greatest common divisor of 10 and y.
10
Suppose -z + 25 = -0. Calculate the greatest common divisor of 275 and z.
25
Let o(w) = -7*w - 6. Let i be o(-8). Calculate the greatest common factor of i and 20.
10
Suppose -2*r = -215 + 45. Calculate the greatest common divisor of 17 and r.
17
Let m = 3 - 15. Let u be (m/(-8))/(1/12). Suppose -2*j + 23 + 265 = 0. Calculate the greatest common divisor of j and u.
18
Suppose 19 = 2*s - 3*y - 72, 0 = 5*s - 3*y - 205. Suppose 0 = -5*q - 2 + 22. Suppose -q*u + s = -50. Calculate the highest common divisor of u and 2.
2
Let m = -7 - -10. Suppose -42 = -2*w + 3*s, -2*w - m*s + 16 + 2 = 0. Calculate the highest common factor of 30 and w.
15
Suppose 8 = y + 5*p - 1, 4*y = -3*p + 36. Suppose 2*r - 145 = -1. What is the highest common divisor of y and r?
9
Suppose 5*v - 2*v = 297. Calculate the greatest common factor of 11 and v.
11
Let f = -5 - -7. Let v = 5 - f. Suppose v*h - 31 = -5*b, 8 = 2*h - h + 4*b. Calculate the highest common divisor of 84 and h.
12
Let r be (-176 - 0)/(-2 + 1). Let j be 1592/24 + (-2)/6. Suppose 0*d + 3*d - j = 0. Calculate the greatest common divisor of d and r.
22
Let w = 20 - 11. Let a be 2/w + 1220/18. Let n = 37 - 20. What is the greatest common factor of a and n?
17
Let u be (-2)/2*-1 + -5. Let g be u/((-4 - -2)/2). Suppose 0 = -2*c + 6, 4*b + 2*c = 4*c + 122. Calculate the greatest common divisor of g and b.
4
Let c = 15 - 10. Suppose 7 = c*w - 13. Suppose 2*i + i = 3*h + 138, -w*h - 40 = -i. Calculate the greatest common divisor of 6 and i.
6
Suppose -5*k + 64 = -3*k. What is the greatest common divisor of 80 and k?
16
Let a(x) = -x + 11. Let w be a(-8). What is the greatest common divisor of 95 and w?
19
Let r = 11 - 3. Let p = -5 + r. Calculate the highest common factor of p and 33.
3
Let x be (3/(-1))/((-2)/24). Suppose -4*z - 3*a + x = z, 0 = 4*z + 3*a - 27. Calculate the highest common divisor of z and 63.
9
Let i be (2 - 2 - 0) + 3. Suppose 1 = -2*y + 3. Calculate the greatest common divisor of i and y.
1
Let o = 9 + 27. Suppose -4*d + d - 39 = -p, 42 = 2*p + 3*d. Suppose 0 = -4*w + 21 + p. Calculate the highest common factor of w and o.
12
Let b(k) = k**2 - 6 + 6. Let x be b(-9). Calculate the greatest common factor of 9 and x.
9
Suppose 56 = 2*a - 4. Let y = 74 - a. Suppose 4*c - 41 = -3*x, c + 9 = 2*x - x. What is the greatest common divisor of x and y?
11
Let j = 1 - -1. Suppose -n = 2*k - 4*k + 8, -n - 6 = -k. Suppose -k*a + 100 = 3*a. What is the highest common divisor of a and j?
2
Let d be 0 + 3 - (1 + -1). Let f = 10 + -3. Let w(h) = -h**3 + 6*h**2 + 7*h + 6. Let b be w(f). What is the greatest common factor of b and d?
3
Suppose 0 = 2*q - q - 18. Suppose 3*n + 7 = 4*n. Let b = -5 + n. What is the greatest common factor of b and q?
2
Let b = 15 + -21. Let p be (2 + (-34)/b)*3. Suppose -n = -33 - 220. Calculate the highest common divisor of n and p.
23
Let g = -159 + 214. Calculate the highest common divisor of g and 11.
11
Let a = 343 - 239. Suppose r = a + 39. Calculate the highest common factor of 13 and r.
13
Let r(c) = -c**3 + 6*c**2 - 1. Let n be r(6). Let y be (-4 - -7)/(n/(-5)). Let j be 274/2 - (-6)/(-3). What is the highest common factor of y and j?
15
Let c(d) = d**3 - 9*d**2 + 4*d - 8. Let f be c(9). Calculate the greatest common divisor of 252 and f.
28
Let r(d) = 3*d**2 + 2*d + 6. Let z(w) = -w**2 - w - 2. Let j(i) = 3*r(i) + 8*z(i). Let u be j(8). Calculate the greatest common factor of 20 and u.
10
Suppose -175 + 70 = -5*u. Let k be 82*(-2 + 3/1). Suppose -t = l - k, -5*l - 4*t + 414 = -t. What is the greatest common factor of u and l?
21
Let c be 2/(-8) - 42/(-8). Suppose -2*y - c = -y, -5*z - y = -10. Suppose 0 = 3*k - 2*k + 1, 189 = 3*s + z*k. What is the greatest common factor of 8 and s?
8
Let l(m) = 8*m**2 + m - 3. Let p be l(-3). Suppose -4*i + v = -0*v - 92, 0 = i + v - 18. What is the highest common divisor of i and p?
22
Suppose 12*m - 13*m = -209. Calculate the highest common factor of 11 and m.
11
Suppose 0 = -10*b + 66 + 84. Calculate the highest common factor of b and 3.
3
Suppose 0 = -4*f + 61 - 17. What is the highest common divisor of f and 99?
11
Let o be 4*-1*675/(-20). Let t(m) = 18*m - 3. Let y be t(1). Calculate the greatest common factor of y and o.
15
Suppose -5*a = -3*a + 5*w - 357, 5*w = -a + 186. Suppose 8*q - 76 = 4*q. What is the highest common divisor of a and q?
19
Suppose -4*z + 589 = 121. Let b = z - 40. What is the greatest common divisor of 11 and b?
11
Let j(d) = d**2 - 2*d - 2. Let y be j(3). Suppose f = 7 - y. What is the highest common factor of 42 and f?
6
Let o(q) = -9*q - 3. Let d be o(-1). What is the highest common divisor of 18 and d?
6
Let i = -29 + 41. What is the highest common divisor of 108 and i?
12
Let p = 108 - 152. Let z = 89 + p. What is the greatest common factor of z and 15?
15
Suppose -95 - 289 = -3*d. What is the greatest common factor of d and 8?
8
Let d(f) = f**2 + 8*f + 13. Let w be d(-13). What is the highest common factor of 117 and w?
39
Let i = 39 + 21. Let l = 5 - 2. Suppose -2*z - l*z + 50 = 0. Calculate the highest common divisor of z and i.
10
Suppose 4*h = -0*h + 4. Let o = 7 - 11. Let l be (-10)/o + (-1)/(-2). What is the greatest common factor of l and h?
1
Let f be 620/35 + (-4)/(-14). Suppose -3*p = -6*p + 18. Suppose b - p = 6. Calculate the highest common factor of f and b.
6
Suppose 0 = -3*r + 4*r - 7. Suppose -4*v = -13*v + 567. What is the highest common divisor of v and r?
7
Let o(t) = t**2 + 15*t - 8. Let z be o(-16). What is the greatest common divisor of 8 and z?
8
Suppose -l + 6 = 2*f + l, -5*f - 4*l = -12. Suppose f = -2*w + 118 - 18. What is the greatest common divisor of w and 10?
10
Let y be 1 + 19*(-2)/(-2). Calculate the greatest common divisor of y and 100.
20
Let k = 26 + -14. Let m = -2 + -7. Let f be (m/(-4))/(3/64). Calculate the greatest common divisor of k and f.
12
Let l be 62/6 - 18/(-27). Suppose -2*w = 2, 3*a + 0*w = -4*w + 2. Suppose -a*o + 11 = -11. What is the greatest common factor of l and o?
11
Let n(o) = o**3 - 3*o**2 - 5*o - 3. Suppose -2*v - 3 = -2*h + 13, -v + 16 = 3*h. Let t be n(h). Calculate the highest common divisor of t and 15.
15
Let g(n) = n**3 + 7*n**2 + 5*n + 5. Let p be g(-6). Let i be 2*22*5/4. What is the greatest common divisor of p and i?
11
Let z be (-9)/(-6) - ((-15)/10 + 1). Calculate the highest common factor of z and 9.
1
Let f = 9 + -3. Let u be 99/f - 1/2. What is the greatest common factor of 144 and u?
16
Suppose -2*d - 365 = -3*j, -3*d - d = j - 103. Let w be 3/9*0 + 2. Suppose -5*k = 25, 5*z = w*z - 2*k + 41. What is the highest common divisor of z and j?
17
Let w(q) = q**2 - 3*q - 5. Let l be w(-2). Suppose y = 2, -30 = -l*j + 2*y + 26. What is the highest common divisor of 36 and j?
12
Suppose 5*n + 3*w = 738, n + 3*w + 0*w - 138 = 0. Let g = -94 + n. Calculate the greatest common divisor of g and 7.
7
Suppose -5*c = -g - 41, 0 = -c - 11*g + 15*g - 7. What is the greatest common factor of 3 and c?
3
Suppose 5*z - 2*y - 16 = 0, 4*y - 3 + 25 = 5*z. Calculate the greatest common divisor of z and 1.
1
Let g = -60 - -13. Let h = 71 + g. Suppose -11 = -2*s + 5. What is the highest common divisor of h and s?
8
Suppose -5*g = -2*l - 19, 4*g - 15 = g. Let z be 2*1*(5 - 2). Calculate the greatest common factor of z and l.
3
Let j(s) = 4*s**2 + 2*s + 90. Let w be j(0). Suppose 2*h - 64 = -0*h. Let l = 4 + h. Calculate the greatest common factor of l and w.
18
Let h be 140/6 - (-3)/(-9). What is the greatest common divisor of 115 and h?
23
Let h = -13 + 18. Suppose d + 4 = 0, -d = k + d - 27. Calculate the greatest common divisor of k and h.
5
Let h = 0 - -2. Let o be h + 3 + -2 + -1. What is the highest common divisor of o and 14?
2
Suppose p = 19 - 7. Suppose 0*r + 3*r - p = 0. What is the highest common divisor of 1 and r?
1
Let w(v) = -v + 4. Let l be w(0)